= h**2 - 6. Let r be ((-3)/(-5))/(1/15). Let p = 9 - r. Determine j(p).
-6
Let k be (27/6)/1*2. Suppose 3*m + 3*u = -k - 3, -4*u = -5*m - 2. Let j be (m/(-6))/(1/3). Let x(i) = -7*i**2 - 2*i + 1. What is x(j)?
-8
Let m(n) = -2*n**2 + 1 - 2 + 2 + 1. Calculate m(2).
-6
Let d(c) = -c**3 + c + 1. Let t(s) = -6*s**3 - 6*s**2 + 7*s + 13. Let k(m) = 5*d(m) - t(m). Let j be k(-6). Let p(r) = 2*r - 5. Give p(j).
3
Let a(l) = 2*l + 6. Let r = 1 - -5. Let w be r/2 + 1*-8. Calculate a(w).
-4
Let b = 5 + -3. Let j(u) = -45*u - b + 2 + 44*u. What is j(3)?
-3
Let q(p) = -1 - p**2 - 2*p - p**2 - 2. Let w(f) = f**3 - 6*f**2 - 7*f - 5. Let j be w(7). Let s = 3 + j. Determine q(s).
-7
Let j(n) = -n + 2. Let b be j(0). Let g = -6 + 9. Let x(s) = 2*s - g*s - b*s**2 + 3 + 2*s**3 - 2*s. Determine x(2).
5
Let f(g) = g**3 + 5*g**2 + 5*g + 4. Let v = 17 + -12. Let i = -9 + v. Calculate f(i).
0
Let p(t) = -t**3 - t**2 + 4*t + 3. Let x(n) = -n**3 - 7*n**2 - 7*n - 9. Let a be x(-6). Let i = 2 + a. Let s be (1*i)/((-5)/(-15)). Calculate p(s).
9
Let f(n) = n - 2. Let r be f(5). Let b(o) = -2*o - 4. Let p(l) = 1. Let j(a) = -b(a) - 6*p(a). Determine j(r).
4
Let a be (-1 - -1) + (6 - 6). Let d(k) = 3*k + a*k + 4 + 4*k - 6*k. Determine d(-4).
0
Suppose -2*m - 50 = -7*m. Let a = m - 9. Let t(l) = 6*l - 1. Determine t(a).
5
Let b(t) = -1 + 2*t**3 + 1 + t - 1 + t**2. Let i = -3 - -3. Let f be 1 - i/(1 + 1). Calculate b(f).
3
Let u be (1 + 0)/((-1)/6). Let j(p) = 5*p - 14. Let d(y) = 4*y - 13. Let k(h) = -7*d(h) + 6*j(h). Let c be k(u). Let z(x) = x**3 + 5*x**2 + 2. What is z(c)?
2
Let f(p) = p**2 - 4*p - 4. Let q(w) = w - 4. Let v = 14 + -10. Let y be q(v). Suppose d + y*d - 5 = 0. Calculate f(d).
1
Let y(u) = -4*u**2 - 1. Let t = -8 - -4. Let s = t - -3. Let v(w) = -w**2. Let d be v(s). Give y(d).
-5
Let h(m) = -m**3 - 3*m**2 - 2. Let b(g) = g**2 + 6*g + 6. Let s be b(-4). Calculate h(s).
-6
Let y = 7 + -4. Let i(t) be the second derivative of -t**3/6 - t**2 + 43*t. Determine i(y).
-5
Let g be 60/14 - 6/21. Let x(u) = -3*u**2 - 5 + 10 + 5*u**3 - 4*u**3 - 3*u. What is x(g)?
9
Let y = 4 + -1. Let s(f) = -12*f + 8. Let r(n) = -18*n + 12. Let k(p) = -5*r(p) + 8*s(p). Let m(a) = 18*a - 11. Let u(h) = y*m(h) + 8*k(h). What is u(1)?
5
Suppose 36 = 5*g - h, 5*g - 20 = 2*g - h. Let i(t) = 0 + 3 - 4*t + g*t + 0. Determine i(-4).
-9
Let v be (2/3)/(6 + 91/(-15)). Let p(a) = -a**2 - 10*a - 5. What is p(v)?
-5
Let r = 0 + -4. Let q(l) = l**2 + 8*l - 5. Let t(c) be the second derivative of -c**4/6 - 5*c**3/2 + 5*c**2 + 2*c. Let b(o) = 5*q(o) + 3*t(o). Calculate b(r).
9
Let v be 6 + 4*2/(-4). Let l(m) = -m**2 - m + 4. Determine l(v).
-16
Let d be (2 - (2 + 3)) + 0. Let x(w) = -w + 2. Let v(k) = -k - 1. Let h(g) = d*v(g) + x(g). Let m(q) = 2*q + 4. Let y be m(-4). What is h(y)?
-3
Let t(s) = -s - 11. Let y(i) = i**2 + 13*i - 8. Let b be y(-13). What is t(b)?
-3
Let o be (56/6)/((-4)/6). Let w(u) = u**2 + 14*u - 2. Determine w(o).
-2
Let h(s) = 2*s + 9. Let c(n) = n**2 - 12*n + 6. Let y be c(11). What is h(y)?
-1
Suppose 0 = 4*j + 19 + 1. Let b(x) = x**3 + 4*x**2 - 5*x + 4. What is b(j)?
4
Let g(b) be the third derivative of b**6/120 - b**5/30 - b**4/24 + b**3/3 - 25*b**2. Give g(3).
8
Suppose -c + 25 = 4*n, 3*n - 15 = -c + 4. Let q = n + -8. Let v be (4/2 - q)/1. Let b(d) = -2*d + 3. Give b(v).
-5
Let j(y) be the first derivative of -y**3/3 + 5*y**2 - 3*y + 17. Give j(8).
13
Let v(m) be the third derivative of 0*m - 1/6*m**4 - 4*m**2 + 1/240*m**6 + 0 + 1/60*m**5 + 0*m**3. Let k(n) be the second derivative of v(n). Determine k(2).
8
Let d(u) = -u**2 + 13*u - 17. Let z be d(12). Let o(y) = 11*y**2 - 8*y - 9. Let r(x) = -5*x**2 + 4*x + 4. Let l(v) = -6*o(v) - 13*r(v). What is l(z)?
-3
Let b(k) be the second derivative of k**3/6 - 6*k**2 - 16*k. Calculate b(9).
-3
Let c(a) = a**2 - 3*a - 1. Let r be c(3). Let v(g) be the second derivative of 1/12*g**4 - 1/6*g**3 - 1/2*g**2 + 0 - 3*g. Calculate v(r).
1
Let z(t) = -2*t + 1. Let q be ((-2)/(-3))/((-3)/(-18)). Let v = q - 5. Let d be z(v). Let i(s) = -2*s + 1. What is i(d)?
-5
Let g(a) = -a - 4. Let b(c) = 1. Let i(h) = -2*b(h) + g(h). Give i(0).
-6
Let j(t) = -t**2 + t + 3. Let i = 9 + -5. Suppose 0 = -i*c - 3*k + 4 + 8, -6 = -2*c - k. What is j(c)?
-3
Let o(t) = t**2 - t - 9. Let x be (-16)/40 - (-3)/(-5). Let z be (-1 + 1)*1/x. Determine o(z).
-9
Let y(b) be the first derivative of -b**4/4 + b**2 + b + 20. Give y(-2).
5
Let j(m) = 3 - 21*m - 4*m + 16*m + 4 + m**2. Calculate j(6).
-11
Let p be (-2)/7 - 444/14. Let q = 59 + p. Suppose 0 = 5*c + 2*n - 5, -n + q = 4*c - 4*n. Let f(a) = -a + 2. Calculate f(c).
-1
Suppose 16*d = -167 + 55. Let g(v) = -v - 12. Calculate g(d).
-5
Let h(f) = f + 2. Let q(p) = 3*p - 2*p - 5*p + 6*p + 2. Let z be 11/(-3) + (-2)/(-3). Let l(d) = z*q(d) + 4*h(d). Give l(-2).
6
Let y(n) = -n**2 - n + 9. Let z be y(0). Let b(s) = s - 5. Let f be b(z). Let o(p) = -p**2 + 5*p - 1. Calculate o(f).
3
Let o be (-8)/(1/(4/(-8)))*-1. Let v(d) = d**2 + 5*d - 3. Determine v(o).
-7
Let v be (2/3)/(2/24). Let s = v + -5. Let n(h) = h**3 + s*h - 1 + 0 - 3*h**2 + 1. Calculate n(3).
9
Let t(d) = 110 + 5*d - 110 - 4*d. What is t(-4)?
-4
Let k = -82 + 83. Let v(x) = -6*x**2 + x. What is v(k)?
-5
Let z(i) = -2*i**2 - 3*i + 4. Let p be (-2 + 1 - 0)*1. Let h(d) = -d - 5. Let x be h(-3). Let y = p + x. Determine z(y).
-5
Let i = 13 - 9. Let s be -2 + -2 + 0 + 10. Let j = i - s. Let h(t) = t**3 + 2*t**2 + t + 1. Give h(j).
-1
Let q(l) = -l**2 - 5*l. Suppose 0*u = -3*u + 3*i + 3, 2*i = 10. Suppose -v = -u*v - 25. What is q(v)?
0
Let n be (-4)/(-16) - 7/(-4). Let y be -3 + 2 + n + 4. Suppose -f = -y + 1. Let m(u) = u**2 - 2*u - 2. What is m(f)?
6
Let d(c) = -c - 1. Let s(r) = r**2 + 10*r - 1. Let f(b) = 6*d(b) + s(b). What is f(-6)?
5
Let h(u) = -5*u + 3 - 2 - u**2 - 2. Let t(o) = -o**2 - 4*o - 4. Let y be t(-4). What is h(y)?
3
Let r(x) = -x**3 + 8*x**2 - 5*x - 10. Suppose z + 12 - 19 = 0. What is r(z)?
4
Suppose -4*v + 2*a - 2 = -2*v, 20 = 5*a. Suppose 0 = 2*f + 1 - 5. Let k(c) = c**v - 6 - 4*c**3 + c**2 + f*c**3 + c. Determine k(0).
-6
Suppose -2*t - 6 = -5*t. Let x = 9 + -6. Let l(j) = j**t - 1 - 3*j**2 + 0 + 4*j + x*j**2. Determine l(-2).
-5
Let r(p) = -p - 1. Let b(w) = -w**3 + 10*w**2 - 9*w. Let v(z) = -z**2 + z + 1. Let m(i) = b(i) + 3*v(i). Let k be m(6). Calculate r(k).
-4
Let v(q) = q**2 + 2*q + 1. Suppose -5*h = -h - 3*u - 29, 5*u - 3 = 2*h. Let k be (-7)/(-35) - h/5. What is v(k)?
1
Let o(s) be the second derivative of -7*s**5/120 + s**4/24 - s**3/2 - 6*s. Let x(q) be the second derivative of o(q). Determine x(-1).
8
Let g(o) be the third derivative of -o**6/360 + o**5/30 - o**4/8 - 2*o**3/3 + 2*o**2. Let w(t) be the first derivative of g(t). Give w(4).
-3
Let i(o) = 4*o + 4. Let b(r) = -5*r - 5. Let f(j) = 5*b(j) + 6*i(j). Let m = 4 - 6. Let a be 6*(m - 9/(-6)). Give f(a).
2
Let h(i) = 3*i. Let n(a) be the second derivative of -4*a**3/3 - a. Let w(j) = -12*h(j) - 5*n(j). Let f(p) = 3*p. Let c(g) = 5*f(g) - 6*w(g). Calculate c(1).
-9
Let p(q) be the first derivative of q**2/2 + 2*q - 2. Give p(-4).
-2
Suppose 5*v = 2*v - d - 38, v + d + 12 = 0. Let u = -11 - v. Let l(p) = p**2. Calculate l(u).
4
Let v be 1/(-2) - (-25)/(-10). Suppose 11 = 5*p - 4. Let b(a) = 0 - 6*a**2 + 0*a - a**p - 1 - 2*a + 2*a**2. Determine b(v).
-4
Let x = 281/2 - 137. Let b(o) be the second derivative of 0*o**3 + 0 + x*o**2 - 2*o + 0*o**4 - 1/20*o**5. Give b(0).
7
Let t(u) = -u**3 + 7*u**2 + 7*u + 2. Let l(v) = -v**2 - 13*v + 56. Let y be l(-16). What is t(y)?
-6
Let a(i) = 2*i - 3*i + 0 + 6 - i**3. What is a(0)?
6
Let l(s) = 7*s**3 - s**2 - 3*s + 1. Let g(t) = -21*t**3 + 4*t**2 + 10*t - 4. Let x(v) = -2*g(v) - 7*l(v). What is x(-1)?
6
Let a(f) be the first derivative of -f**3/3 + 3*f**2 - 6*f + 2. What is a(6)?
-6
Suppose -13 = -5*h + 2. Suppose 6 = -h*a - 9. Let g(o) be the second derivative of o**5/20 + o**4/2 + o**3 + 2*o**2 - 2*o. Give g(a).
-1
Let c(h) = h**3 - 3*h**2 - h + 2. Let z = -4 + 4. Let s = 4 - z. Suppose q + s*d = -9, q + 0*d = -d. Give c(q).
-1
Let b(x) = 2*x**3 - 8*x**2 + x + 3. Let f(i) = -i**3 + 4*i**2 - 2. Let u(s) = 3*b(s) + 5*f(s). Suppose 3*v = -2*v + 35. Let p = -5 + v. Calculate u(p).
-3
Let r(g) = -g. Let k = -1 + 3. Let p be (3 + -2)*